{"id":935,"date":"2022-04-27T00:26:25","date_gmt":"2022-04-27T00:26:25","guid":{"rendered":"http:\/\/aeess.edu.mx\/?page_id=935"},"modified":"2022-07-01T21:26:06","modified_gmt":"2022-07-01T21:26:06","slug":"biblioteca-virtual-aeess","status":"publish","type":"page","link":"http:\/\/aeess.edu.mx\/?page_id=935","title":{"rendered":"Biblioteca Virtual AEESS"},"content":{"rendered":"\n<h2>\n\t\tManuales para Polic\u00eda Preventivo\n\t<\/h2>\n\t<p>En esta Biblioteca Virtual encontraras Manuales que te servir\u00e1n para tu profesionalizaci\u00f3n y capacitaci\u00f3n continua.<\/p>\n\t\t\t\t<a href=\"http:\/\/aeess.edu.mx\/?page_id=949\" target=\"_self\" itemprop=\"url\" rel=\"noopener\">\n\t\t\t\t<img data-recalc-dims=\"1\" loading=\"lazy\" decoding=\"async\" src=\"https:\/\/i0.wp.com\/aeess.edu.mx\/wp-content\/uploads\/2022\/04\/derechos-humanos.png?resize=750%2C756\" alt=\"derechos humanos\" itemprop=\"image\" height=\"756\" width=\"750\" title=\"derechos humanos\" onerror=\"this.style.display='none'\">\n\t\t\t\t<\/a>\n\t<p><strong>Vista Online<\/strong> del Manual de Los Derechos Humanos<\/p>\n\t\t\t<a href=\"http:\/\/aeess.edu.mx\/wp-content\/uploads\/2022\/04\/5.-Manual-Los-Derechos-Humanos.pdf\" target=\"_blank\" role=\"button\" rel=\"noopener\">\n\t\t\t\t\t\t\tDescarga PDF\n\t\t\t<\/a>\n\t\t\t\t<a href=\"http:\/\/aeess.edu.mx\/?page_id=949\" target=\"_self\" itemprop=\"url\" rel=\"noopener\">\n\t\t\t\t<img data-recalc-dims=\"1\" loading=\"lazy\" decoding=\"async\" src=\"https:\/\/i0.wp.com\/aeess.edu.mx\/wp-content\/uploads\/2022\/04\/derechos-humanos.png?resize=750%2C756\" alt=\"derechos humanos\" itemprop=\"image\" height=\"756\" width=\"750\" title=\"derechos humanos\" onerror=\"this.style.display='none'\">\n\t\t\t\t<\/a>\n\t<p><strong>Vista Online<\/strong> del Manual de Los Derechos Humanos<\/p>\n\t\t\t<a href=\"\" target=\"_self\" role=\"button\" rel=\"noopener\">\n\t\t\t\t\t\t\tDescarga PDF\n\t\t\t<\/a>\n\t\t\t\t<img data-recalc-dims=\"1\" loading=\"lazy\" decoding=\"async\" src=\"https:\/\/i0.wp.com\/aeess.edu.mx\/wp-content\/uploads\/2022\/04\/Plataforma-Mexico-3.png?resize=750%2C754\" alt=\"Plataforma Mexico\" itemprop=\"image\" height=\"754\" width=\"750\" title=\"Plataforma Mexico\" onerror=\"this.style.display='none'\">\n\t<p><strong>Vista Online<\/strong> del Manual de Plataforma M\u00e9xico<\/p>\n\t\t\t<a href=\"http:\/\/aeess.edu.mx\/wp-content\/uploads\/2022\/04\/14.-Manual-Plataforma-Mexico.pdf\" target=\"_blank\" role=\"button\" rel=\"noopener\">\n\t\t\t\t\t\t\tDescarga PDF\n\t\t\t<\/a>\n\t\t\t\t<a href=\"http:\/\/aeess.edu.mx\/?page_id=949\" target=\"_self\" itemprop=\"url\" rel=\"noopener\">\n\t\t\t\t<img data-recalc-dims=\"1\" loading=\"lazy\" decoding=\"async\" src=\"https:\/\/i0.wp.com\/aeess.edu.mx\/wp-content\/uploads\/2022\/04\/derechos-humanos.png?resize=750%2C756\" alt=\"derechos humanos\" itemprop=\"image\" height=\"756\" width=\"750\" title=\"derechos humanos\" onerror=\"this.style.display='none'\">\n\t\t\t\t<\/a>\n\t<p><strong>Vista Online<\/strong> del Manual de Los Derechos Humanos<\/p>\n\t\t\t<a href=\"\" target=\"_self\" role=\"button\" rel=\"noopener\">\n\t\t\t\t\t\t\tDescarga PDF\n\t\t\t<\/a>\n\t\t\t\t<img data-recalc-dims=\"1\" loading=\"lazy\" decoding=\"async\" src=\"https:\/\/i0.wp.com\/aeess.edu.mx\/wp-content\/uploads\/2022\/04\/Doctrina-Policial.png?resize=750%2C753\" alt=\"Doctrina Policial\" itemprop=\"image\" height=\"753\" width=\"750\" title=\"Doctrina Policial\" onerror=\"this.style.display='none'\">\n\t<p><strong>Vista Online<\/strong> del Manual de Doctrina Policial<\/p>\n\t\t\t<a href=\"http:\/\/aeess.edu.mx\/wp-content\/uploads\/2022\/04\/1.-Manual-de-Doctrina-Policial.pdf\" target=\"_blank\" role=\"button\" rel=\"noopener\">\n\t\t\t\t\t\t\tDescarga PDF\n\t\t\t<\/a>\n\t\t\t\t<a href=\"http:\/\/aeess.edu.mx\/?page_id=949\" target=\"_self\" itemprop=\"url\" rel=\"noopener\">\n\t\t\t\t<img data-recalc-dims=\"1\" loading=\"lazy\" decoding=\"async\" src=\"https:\/\/i0.wp.com\/aeess.edu.mx\/wp-content\/uploads\/2022\/04\/derechos-humanos.png?resize=750%2C756\" alt=\"derechos humanos\" itemprop=\"image\" height=\"756\" width=\"750\" title=\"derechos humanos\" onerror=\"this.style.display='none'\">\n\t\t\t\t<\/a>\n\t<p><strong>Vista Online<\/strong> del Manual de Los Derechos Humanos<\/p>\n\t\t\t<a href=\"\" target=\"_self\" role=\"button\" rel=\"noopener\">\n\t\t\t\t\t\t\tDescarga PDF\n\t\t\t<\/a>\n\t\t\t\t<img data-recalc-dims=\"1\" decoding=\"async\" src=\"https:\/\/i0.wp.com\/lite.demos.wpbeaverbuilder.com\/wp-content\/uploads\/sites\/28\/2020\/02\/office.jpg?w=750&#038;ssl=1\" alt=\"\" itemprop=\"image\" onerror=\"this.style.display='none'\">\n<h2>\n\t\tHeading about company\n\t<\/h2>\n\t<p>Quisque commodo id mi non porttitor. Aenean sapien eros, commodo in lectus eu, auctor pretium diam. Mauris non orci quis est hendrerit laoreet id eget purus. Vivamus id ex non urna pulvinar consequat. Convallis a pellentesque nec, egestas non nisi.<\/p>\n\t\t\t<a href=\"\" target=\"_self\" role=\"button\" rel=\"noopener\">\n\t\t\t\t\t\t\tLearn more\n\t\t\t<\/a>\n<h2>\n\t\tTestimonials\n\t<\/h2>\n\t<p>Vivamus magna justo, lacinia eget consectetur sed, convallis at tellus. Praesent sapien massa, convallis a pellentesque nec, egestas non nisi. Curabitur aliquet quam id dui posuere blandit Cras ultricies ligula sed magna dictum porta.<\/p>\n\t\t\t\t<img data-recalc-dims=\"1\" decoding=\"async\" src=\"https:\/\/i0.wp.com\/lite.demos.wpbeaverbuilder.com\/wp-content\/uploads\/sites\/28\/2020\/02\/photo-1558403194-611308249627-1-768x768-4.jpg?w=750&#038;ssl=1\" alt=\"La Comisi\u00f3n Estatal de Seguridad Publica del Estado de Morelos (5)\" itemprop=\"image\" title=\"La Comisi\u00f3n Estatal de Seguridad Publica del Estado de Morelos (5)\" onerror=\"this.style.display='none'\">\n\t<p><strong>Vivamus magna<br><\/strong>Lacinia eget<\/p>\n\t<p>Vivamus magna justo, lacinia eget consectetur sed, convallis at tellus. Praesent sapien massa, convallis a pellentesque nec, egestas non nisi. Curabitur aliquet quam id dui posuere blandit Cras ultricies ligula sed magna dictum porta.<\/p>\n\t\t\t\t<img data-recalc-dims=\"1\" decoding=\"async\" src=\"https:\/\/i0.wp.com\/lite.demos.wpbeaverbuilder.com\/wp-content\/uploads\/sites\/28\/2020\/02\/photo-1552664730-d307ca884978-768x768-4.jpg?w=750&#038;ssl=1\" alt=\"\" itemprop=\"image\" onerror=\"this.style.display='none'\">\n\t<p><strong>Vivamus magna<br><\/strong>Lacinia eget<\/p>\n\t\t\t\t<img data-recalc-dims=\"1\" decoding=\"async\" src=\"https:\/\/i0.wp.com\/lite.demos.wpbeaverbuilder.com\/wp-content\/uploads\/sites\/28\/2020\/02\/logo-mountain-dams.png?w=750&#038;ssl=1\" alt=\"\" itemprop=\"image\" onerror=\"this.style.display='none'\">\n\t\t\t\t<img data-recalc-dims=\"1\" decoding=\"async\" src=\"https:\/\/i0.wp.com\/lite.demos.wpbeaverbuilder.com\/wp-content\/uploads\/sites\/28\/2020\/02\/logo-jett-3.png?w=750&#038;ssl=1\" alt=\"20201116_143657\" itemprop=\"image\" title=\"20201116_143657\" onerror=\"this.style.display='none'\">\n\t\t\t\t<img data-recalc-dims=\"1\" decoding=\"async\" src=\"https:\/\/i0.wp.com\/lite.demos.wpbeaverbuilder.com\/wp-content\/uploads\/sites\/28\/2020\/02\/logo-youngs-coffee-1.png?w=750&#038;ssl=1\" alt=\"\" itemprop=\"image\" onerror=\"this.style.display='none'\">\n\t\t\t\t<img data-recalc-dims=\"1\" decoding=\"async\" src=\"https:\/\/i0.wp.com\/lite.demos.wpbeaverbuilder.com\/wp-content\/uploads\/sites\/28\/2020\/02\/logo-travel-7.png?w=750&#038;ssl=1\" alt=\"\" itemprop=\"image\" onerror=\"this.style.display='none'\">\n\t\t\t\t<img data-recalc-dims=\"1\" decoding=\"async\" src=\"https:\/\/i0.wp.com\/lite.demos.wpbeaverbuilder.com\/wp-content\/uploads\/sites\/28\/2020\/02\/logo-justin-3.png?w=750&#038;ssl=1\" alt=\"DSC_0444\" itemprop=\"image\" title=\"DSC_0444\" onerror=\"this.style.display='none'\">\n\t\t\t\t<img data-recalc-dims=\"1\" decoding=\"async\" src=\"https:\/\/i0.wp.com\/lite.demos.wpbeaverbuilder.com\/wp-content\/uploads\/sites\/28\/2020\/02\/logo-atr.png?w=750&#038;ssl=1\" alt=\"\" itemprop=\"image\" onerror=\"this.style.display='none'\">\n<h2>\n\t\tNeed help? Book a call at a time to suit you\n\t<\/h2>\n\t<p>Quisque velit nisi, pretium ut lacinia in, elementum id enim. Curabitur non nulla sit amet nisl tempus convallis quis ac lectus. Proin eget tortor risus.<\/p>\n\t\t\t<a href=\"\" target=\"_self\" role=\"button\" rel=\"noopener\">\n\t\t\t\t\t\t\tBook an appointment\n\t\t\t<\/a>\n<h2>\n\t\tHeading mauris blandit aliquet elit\n\t<\/h2>\n\t<p>Quisque velit nisi, pretium ut lacinia in, elementum id enim. Curabitur non nulla sit amet nisl tempus convallis quis ac lectus. Proin eget tortor risus.<\/p>\n\t\t\t\t<img data-recalc-dims=\"1\" decoding=\"async\" src=\"https:\/\/i0.wp.com\/lite.demos.wpbeaverbuilder.com\/wp-content\/uploads\/sites\/28\/2020\/02\/headway-5QgIuuBxKwM-unsplash-768x768-2.jpg?w=750&#038;ssl=1\" alt=\"\" itemprop=\"image\" onerror=\"this.style.display='none'\">\n\t<h3>Service one<\/h3>\n<p>Quisque velit nisi, pretium ut lacinia in, elementum id enim.<\/p>\n<p><a href=\"#\">Lea<\/a><a href=\"#\">rn<\/a><a href=\"#\"> more &gt;<\/a><\/p>\n\t\t\t\t<img data-recalc-dims=\"1\" decoding=\"async\" src=\"https:\/\/i0.wp.com\/lite.demos.wpbeaverbuilder.com\/wp-content\/uploads\/sites\/28\/2020\/02\/field-notes-768x768-2.jpg?w=750&#038;ssl=1\" alt=\"\" itemprop=\"image\" onerror=\"this.style.display='none'\">\n\t<h3>Service two<\/h3>\n<p>Quisque velit nisi, pretium ut lacinia in, elementum id enim.<\/p>\n<p><a href=\"#\">Learn more &gt;<\/a><\/p>\n\t\t\t\t<img data-recalc-dims=\"1\" decoding=\"async\" src=\"https:\/\/i0.wp.com\/lite.demos.wpbeaverbuilder.com\/wp-content\/uploads\/sites\/28\/2020\/02\/photo-1529119368496-2dfda6ec2804-768x768-2.jpg?w=750&#038;ssl=1\" alt=\"\" itemprop=\"image\" onerror=\"this.style.display='none'\">\n\t<h3>Service three<\/h3>\n<p>Quisque velit nisi, pretium ut lacinia in, elementum id enim.<\/p>\n<p><a href=\"#\">Learn more &gt;<\/a><\/p>\n\t\t\t\t<img data-recalc-dims=\"1\" decoding=\"async\" src=\"https:\/\/i0.wp.com\/lite.demos.wpbeaverbuilder.com\/wp-content\/uploads\/sites\/28\/2020\/02\/office-768x768-1.jpg?w=750&#038;ssl=1\" alt=\"\" itemprop=\"image\" onerror=\"this.style.display='none'\">\n<h2>\n\t\tService one case study facts and  figures example\n\t<\/h2>\n\t<p>Quisque commodo id mi non porttitor. Aenean sapien eros, commodo in lectus eu, auctor pretium diam. Mauris non orci quis est hendrerit laoreet id eget purus. Vivamus id ex non urna pulvinar consequat.<\/p>\n\t\t\t<a href=\"\" target=\"_self\" role=\"button\" rel=\"noopener\">\n\t\t\t\t\t\t\tDownload case study\n\t\t\t<\/a>\n<h2>\n\t\tService two case study facts and  figures example\n\t<\/h2>\n\t<p>Quisque commodo id mi non porttitor. Aenean sapien eros, commodo in lectus eu, auctor pretium diam. Mauris non orci quis est hendrerit laoreet id eget purus. Vivamus id ex non urna pulvinar consequat.<\/p>\n\t\t\t<a href=\"\" target=\"_self\" role=\"button\" rel=\"noopener\">\n\t\t\t\t\t\t\tDownload case study\n\t\t\t<\/a>\n\t\t\t\t<img data-recalc-dims=\"1\" decoding=\"async\" src=\"https:\/\/i0.wp.com\/lite.demos.wpbeaverbuilder.com\/wp-content\/uploads\/sites\/28\/2020\/02\/photo-1516321318423-f06f85e504b3-768x768-1.jpg?w=750&#038;ssl=1\" alt=\"\" itemprop=\"image\" onerror=\"this.style.display='none'\">\n\t\t\t\t<img data-recalc-dims=\"1\" decoding=\"async\" src=\"https:\/\/i0.wp.com\/lite.demos.wpbeaverbuilder.com\/wp-content\/uploads\/sites\/28\/2020\/02\/field-notes-768x768-3.jpg?w=750&#038;ssl=1\" alt=\"\" itemprop=\"image\" onerror=\"this.style.display='none'\">\n<h2>\n\t\tService three case study facts and figures example\n\t<\/h2>\n\t<p>Quisque commodo id mi non porttitor. Aenean sapien eros, commodo in lectus eu, auctor pretium diam. Mauris non orci quis est hendrerit laoreet id eget purus. Vivamus id ex non urna pulvinar consequat.<\/p>\n\t\t\t<a href=\"\" target=\"_self\" role=\"button\" rel=\"noopener\">\n\t\t\t\t\t\t\tDownload case study\n\t\t\t<\/a>\n<h2>\n\t\tAll of our service levels include\n\t<\/h2>\n\t<p>Vivamus magna justo, lacinia eget consectetur sed, convallis at tell. Praesent sapien massa, convallis lorem ipsum.<\/p>\n\t<p>Vivamus magna justo, lacinia eget consectetur sed, convallis at tell. Praesent sapien massa, convallis lorem ipsum.<\/p>\n\t<p>Vivamus magna justo, lacinia eget consectetur sed, convallis at tell. Praesent sapien massa, convallis lorem ipsum.<\/p>\n\t<p>Vivamus magna justo, lacinia eget consectetur sed, convallis at tell. Praesent sapien massa, convallis lorem ipsum.<\/p>\n\t<p>Vivamus magna justo, lacinia eget consectetur sed, convallis at tell. Praesent sapien massa, convallis lorem ipsum.<\/p>\n\t<p>Vivamus magna justo, lacinia eget consectetur sed, convallis at tell. Praesent sapien massa, convallis lorem ipsum.<\/p>\n\t<p>Vivamus magna justo, lacinia eget consectetur sed, convallis at tell. Praesent sapien massa, convallis lorem ipsum.<\/p>\n\t<p>Vivamus magna justo, lacinia eget consectetur sed, convallis at tell. Praesent sapien massa, convallis lorem ipsum.<\/p>\n<h2>\n\t\tNeed help? Book a call at a time to suit your schedule\n\t<\/h2>\n\t<p>Quisque velit nisi, pretium ut lacinia in, elementum id enim. Curabitur non nulla sit amet nisl tempus convallis lorem ipsum doror quis ac lectus. Proin eget tortor risus.<\/p>\n\t\t\t<a href=\"\" target=\"_self\" role=\"button\" rel=\"noopener\">\n\t\t\t\t\t\t\tBook an appointment\n\t\t\t<\/a>\n","protected":false},"excerpt":{"rendered":"<p>Manuales para Polic\u00eda Preventivo En esta Biblioteca Virtual encontraras Manuales que te servir\u00e1n para tu profesionalizaci\u00f3n y capacitaci\u00f3n continua. Vista &hellip; <\/p>\n","protected":false},"author":1,"featured_media":0,"parent":0,"menu_order":0,"comment_status":"closed","ping_status":"closed","template":"","meta":{"ngg_post_thumbnail":0,"pgc_sgb_lightbox_settings":"","footnotes":""},"folder":[],"class_list":["post-935","page","type-page","status-publish","hentry","latest_post"],"yoast_head":"<!-- This site is optimized with the Yoast SEO plugin v27.5 - https:\/\/yoast.com\/product\/yoast-seo-wordpress\/ -->\n<title>Biblioteca Virtual AEESS - Academia Estatal de Estudios Superiores en Seguridad<\/title>\n<meta name=\"robots\" content=\"index, follow, max-snippet:-1, max-image-preview:large, max-video-preview:-1\" \/>\n<link rel=\"canonical\" href=\"http:\/\/aeess.edu.mx\/?page_id=935\" \/>\n<meta property=\"og:locale\" content=\"es_MX\" \/>\n<meta property=\"og:type\" content=\"article\" \/>\n<meta property=\"og:title\" content=\"Biblioteca Virtual AEESS - Academia Estatal de Estudios Superiores en Seguridad\" \/>\n<meta property=\"og:description\" content=\"Manuales para Polic\u00eda Preventivo En esta Biblioteca Virtual encontraras Manuales que te servir\u00e1n para tu profesionalizaci\u00f3n y capacitaci\u00f3n continua. Vista &hellip;\" \/>\n<meta property=\"og:url\" content=\"http:\/\/aeess.edu.mx\/?page_id=935\" \/>\n<meta property=\"og:site_name\" content=\"Academia Estatal de Estudios Superiores en Seguridad\" \/>\n<meta property=\"article:modified_time\" content=\"2022-07-01T21:26:06+00:00\" \/>\n<meta property=\"og:image\" content=\"http:\/\/aeess.edu.mx\/wp-content\/uploads\/2022\/04\/derechos-humanos.png\" \/>\n<meta name=\"twitter:card\" content=\"summary_large_image\" \/>\n<meta name=\"twitter:label1\" content=\"Tiempo de lectura\" \/>\n\t<meta name=\"twitter:data1\" content=\"8 minutos\" \/>\n<script type=\"application\/ld+json\" class=\"yoast-schema-graph\">{\"@context\":\"https:\\\/\\\/schema.org\",\"@graph\":[{\"@type\":\"WebPage\",\"@id\":\"http:\\\/\\\/aeess.edu.mx\\\/?page_id=935\",\"url\":\"http:\\\/\\\/aeess.edu.mx\\\/?page_id=935\",\"name\":\"Biblioteca Virtual AEESS - Academia Estatal de Estudios Superiores en Seguridad\",\"isPartOf\":{\"@id\":\"http:\\\/\\\/aeess.edu.mx\\\/#website\"},\"primaryImageOfPage\":{\"@id\":\"http:\\\/\\\/aeess.edu.mx\\\/?page_id=935#primaryimage\"},\"image\":{\"@id\":\"http:\\\/\\\/aeess.edu.mx\\\/?page_id=935#primaryimage\"},\"thumbnailUrl\":\"http:\\\/\\\/aeess.edu.mx\\\/wp-content\\\/uploads\\\/2022\\\/04\\\/derechos-humanos.png\",\"datePublished\":\"2022-04-27T00:26:25+00:00\",\"dateModified\":\"2022-07-01T21:26:06+00:00\",\"breadcrumb\":{\"@id\":\"http:\\\/\\\/aeess.edu.mx\\\/?page_id=935#breadcrumb\"},\"inLanguage\":\"es\",\"potentialAction\":[{\"@type\":\"ReadAction\",\"target\":[\"http:\\\/\\\/aeess.edu.mx\\\/?page_id=935\"]}]},{\"@type\":\"ImageObject\",\"inLanguage\":\"es\",\"@id\":\"http:\\\/\\\/aeess.edu.mx\\\/?page_id=935#primaryimage\",\"url\":\"https:\\\/\\\/i0.wp.com\\\/aeess.edu.mx\\\/wp-content\\\/uploads\\\/2022\\\/04\\\/derechos-humanos.png?fit=1075%2C1084\",\"contentUrl\":\"https:\\\/\\\/i0.wp.com\\\/aeess.edu.mx\\\/wp-content\\\/uploads\\\/2022\\\/04\\\/derechos-humanos.png?fit=1075%2C1084\",\"width\":1075,\"height\":1084},{\"@type\":\"BreadcrumbList\",\"@id\":\"http:\\\/\\\/aeess.edu.mx\\\/?page_id=935#breadcrumb\",\"itemListElement\":[{\"@type\":\"ListItem\",\"position\":1,\"name\":\"Inicio\",\"item\":\"http:\\\/\\\/aeess.edu.mx\\\/\"},{\"@type\":\"ListItem\",\"position\":2,\"name\":\"Biblioteca Virtual AEESS\"}]},{\"@type\":\"WebSite\",\"@id\":\"http:\\\/\\\/aeess.edu.mx\\\/#website\",\"url\":\"http:\\\/\\\/aeess.edu.mx\\\/\",\"name\":\"Academia Estatal de Estudios Superiores en Seguridad\",\"description\":\"&quot;Formando a la Mejor Polic\u00eda de M\u00e9xico&quot;\",\"publisher\":{\"@id\":\"http:\\\/\\\/aeess.edu.mx\\\/#organization\"},\"potentialAction\":[{\"@type\":\"SearchAction\",\"target\":{\"@type\":\"EntryPoint\",\"urlTemplate\":\"http:\\\/\\\/aeess.edu.mx\\\/?s={search_term_string}\"},\"query-input\":{\"@type\":\"PropertyValueSpecification\",\"valueRequired\":true,\"valueName\":\"search_term_string\"}}],\"inLanguage\":\"es\"},{\"@type\":\"Organization\",\"@id\":\"http:\\\/\\\/aeess.edu.mx\\\/#organization\",\"name\":\"Academia Estatal de Estudios Superiores en Seguridad\",\"url\":\"http:\\\/\\\/aeess.edu.mx\\\/\",\"logo\":{\"@type\":\"ImageObject\",\"inLanguage\":\"es\",\"@id\":\"http:\\\/\\\/aeess.edu.mx\\\/#\\\/schema\\\/logo\\\/image\\\/\",\"url\":\"https:\\\/\\\/i0.wp.com\\\/aeess.edu.mx\\\/wp-content\\\/uploads\\\/2025\\\/04\\\/cropped-logos.jpg?fit=646%2C227\",\"contentUrl\":\"https:\\\/\\\/i0.wp.com\\\/aeess.edu.mx\\\/wp-content\\\/uploads\\\/2025\\\/04\\\/cropped-logos.jpg?fit=646%2C227\",\"width\":646,\"height\":227,\"caption\":\"Academia Estatal de Estudios Superiores en Seguridad\"},\"image\":{\"@id\":\"http:\\\/\\\/aeess.edu.mx\\\/#\\\/schema\\\/logo\\\/image\\\/\"}}]}<\/script>\n<!-- \/ Yoast SEO plugin. -->","yoast_head_json":{"title":"Biblioteca Virtual AEESS - Academia Estatal de Estudios Superiores en Seguridad","robots":{"index":"index","follow":"follow","max-snippet":"max-snippet:-1","max-image-preview":"max-image-preview:large","max-video-preview":"max-video-preview:-1"},"canonical":"http:\/\/aeess.edu.mx\/?page_id=935","og_locale":"es_MX","og_type":"article","og_title":"Biblioteca Virtual AEESS - Academia Estatal de Estudios Superiores en Seguridad","og_description":"Manuales para Polic\u00eda Preventivo En esta Biblioteca Virtual encontraras Manuales que te servir\u00e1n para tu profesionalizaci\u00f3n y capacitaci\u00f3n continua. Vista &hellip;","og_url":"http:\/\/aeess.edu.mx\/?page_id=935","og_site_name":"Academia Estatal de Estudios Superiores en Seguridad","article_modified_time":"2022-07-01T21:26:06+00:00","og_image":[{"url":"http:\/\/aeess.edu.mx\/wp-content\/uploads\/2022\/04\/derechos-humanos.png","type":"","width":"","height":""}],"twitter_card":"summary_large_image","twitter_misc":{"Tiempo de lectura":"8 minutos"},"schema":{"@context":"https:\/\/schema.org","@graph":[{"@type":"WebPage","@id":"http:\/\/aeess.edu.mx\/?page_id=935","url":"http:\/\/aeess.edu.mx\/?page_id=935","name":"Biblioteca Virtual AEESS - Academia Estatal de Estudios Superiores en Seguridad","isPartOf":{"@id":"http:\/\/aeess.edu.mx\/#website"},"primaryImageOfPage":{"@id":"http:\/\/aeess.edu.mx\/?page_id=935#primaryimage"},"image":{"@id":"http:\/\/aeess.edu.mx\/?page_id=935#primaryimage"},"thumbnailUrl":"http:\/\/aeess.edu.mx\/wp-content\/uploads\/2022\/04\/derechos-humanos.png","datePublished":"2022-04-27T00:26:25+00:00","dateModified":"2022-07-01T21:26:06+00:00","breadcrumb":{"@id":"http:\/\/aeess.edu.mx\/?page_id=935#breadcrumb"},"inLanguage":"es","potentialAction":[{"@type":"ReadAction","target":["http:\/\/aeess.edu.mx\/?page_id=935"]}]},{"@type":"ImageObject","inLanguage":"es","@id":"http:\/\/aeess.edu.mx\/?page_id=935#primaryimage","url":"https:\/\/i0.wp.com\/aeess.edu.mx\/wp-content\/uploads\/2022\/04\/derechos-humanos.png?fit=1075%2C1084","contentUrl":"https:\/\/i0.wp.com\/aeess.edu.mx\/wp-content\/uploads\/2022\/04\/derechos-humanos.png?fit=1075%2C1084","width":1075,"height":1084},{"@type":"BreadcrumbList","@id":"http:\/\/aeess.edu.mx\/?page_id=935#breadcrumb","itemListElement":[{"@type":"ListItem","position":1,"name":"Inicio","item":"http:\/\/aeess.edu.mx\/"},{"@type":"ListItem","position":2,"name":"Biblioteca Virtual AEESS"}]},{"@type":"WebSite","@id":"http:\/\/aeess.edu.mx\/#website","url":"http:\/\/aeess.edu.mx\/","name":"Academia Estatal de Estudios Superiores en Seguridad","description":"&quot;Formando a la Mejor Polic\u00eda de M\u00e9xico&quot;","publisher":{"@id":"http:\/\/aeess.edu.mx\/#organization"},"potentialAction":[{"@type":"SearchAction","target":{"@type":"EntryPoint","urlTemplate":"http:\/\/aeess.edu.mx\/?s={search_term_string}"},"query-input":{"@type":"PropertyValueSpecification","valueRequired":true,"valueName":"search_term_string"}}],"inLanguage":"es"},{"@type":"Organization","@id":"http:\/\/aeess.edu.mx\/#organization","name":"Academia Estatal de Estudios Superiores en Seguridad","url":"http:\/\/aeess.edu.mx\/","logo":{"@type":"ImageObject","inLanguage":"es","@id":"http:\/\/aeess.edu.mx\/#\/schema\/logo\/image\/","url":"https:\/\/i0.wp.com\/aeess.edu.mx\/wp-content\/uploads\/2025\/04\/cropped-logos.jpg?fit=646%2C227","contentUrl":"https:\/\/i0.wp.com\/aeess.edu.mx\/wp-content\/uploads\/2025\/04\/cropped-logos.jpg?fit=646%2C227","width":646,"height":227,"caption":"Academia Estatal de Estudios Superiores en Seguridad"},"image":{"@id":"http:\/\/aeess.edu.mx\/#\/schema\/logo\/image\/"}}]}},"_links":{"self":[{"href":"http:\/\/aeess.edu.mx\/index.php?rest_route=\/wp\/v2\/pages\/935","targetHints":{"allow":["GET"]}}],"collection":[{"href":"http:\/\/aeess.edu.mx\/index.php?rest_route=\/wp\/v2\/pages"}],"about":[{"href":"http:\/\/aeess.edu.mx\/index.php?rest_route=\/wp\/v2\/types\/page"}],"author":[{"embeddable":true,"href":"http:\/\/aeess.edu.mx\/index.php?rest_route=\/wp\/v2\/users\/1"}],"replies":[{"embeddable":true,"href":"http:\/\/aeess.edu.mx\/index.php?rest_route=%2Fwp%2Fv2%2Fcomments&post=935"}],"version-history":[{"count":33,"href":"http:\/\/aeess.edu.mx\/index.php?rest_route=\/wp\/v2\/pages\/935\/revisions"}],"predecessor-version":[{"id":1041,"href":"http:\/\/aeess.edu.mx\/index.php?rest_route=\/wp\/v2\/pages\/935\/revisions\/1041"}],"wp:attachment":[{"href":"http:\/\/aeess.edu.mx\/index.php?rest_route=%2Fwp%2Fv2%2Fmedia&parent=935"}],"wp:term":[{"taxonomy":"folder","embeddable":true,"href":"http:\/\/aeess.edu.mx\/index.php?rest_route=%2Fwp%2Fv2%2Ffolder&post=935"}],"curies":[{"name":"wp","href":"https:\/\/api.w.org\/{rel}","templated":true}]}}